alculate i(-3).
-2
Let z(v) = -2*v - 9. Let h(s) = -s - 5. Suppose -2*a - 14 = -4. Let d(u) = a*h(u) + 3*z(u). Determine d(-2).
0
Let l = 21 + -24. Let n(c) be the third derivative of 0 + 1/20*c**5 - c**2 + 1/6*c**3 + 0*c + 1/6*c**4 + 1/120*c**6. Give n(l).
-11
Let f(l) = -l - 1 + 80*l**3 - l**2 + 0*l - 75*l**3. Determine f(-1).
-6
Let i(s) = -s**2 - 11*s - 2. Suppose c = 3 - 6. Let o(m) = -2*m**2 - 23*m - 3. Let p(v) = c*o(v) + 7*i(v). Give p(-4).
11
Let r(c) = -c**2 + 6*c - 9. Let v(h) = 2*h**2 - 12*h + 17. Let g(o) = 5*r(o) + 3*v(o). What is g(6)?
6
Let h = -14 - -19. Let y(d) be the third derivative of d**4/24 - 5*d**3/6 + 2*d**2. Give y(h).
0
Let l(p) be the third derivative of p**5/60 + p**4/2 + 7*p**3/6 - 2*p**2. Suppose 2*o - 3*o = 1. Let b(a) = -a - 1. Let i(n) = o*l(n) - 6*b(n). Give i(-6).
-1
Let i(r) = 7*r**3 + 9*r**2 + 7*r + 10. Let q(w) = -4*w**3 - 4*w**2 - 4*w - 4. Let o(v) = 3*i(v) + 5*q(v). Calculate o(-7).
3
Let w be ((-21)/6)/(1/(-2)). Let g = 6 - w. Let i(b) = 7*b + 1. Calculate i(g).
-6
Let d be (2/4)/(2/4). Suppose -4 = h - d. Let t(k) = 2*k**2 - 4 - 5*k - 1 + k**3 + 1. What is t(h)?
2
Let v(x) = x + 23. Let k be v(-18). Let i(r) = -2*r - 4. Determine i(k).
-14
Let b(a) = -31*a**2 + 15*a**2 + 5*a - a**3 + 10*a**2 - 8. What is b(-7)?
6
Let w(o) = 4*o - 2. Let r be (8/(-14))/((-14)/49). What is w(r)?
6
Let j(h) = -h**3 + 5*h**2 - h - 1. Suppose 5*q - 3*q + 14 = -3*d, d = 4*q. Let l(w) = 1. Let n(z) = q*j(z) + 4*l(z). What is n(4)?
-7
Let s(j) = 4 - j - 10 - 6. Let o be s(-9). Let c(d) = -11*d - 5 + 7*d + 4 - 3. What is c(o)?
8
Let p(x) = -6*x**3 - 5 + x - 7*x**3 + 1 + 3 + x**2. Give p(1).
-12
Let i = 3 - 1. Let m be (-2 + i)/(-2 - -1). Suppose 0 = k + 5*l - 11, -4*k + l - 19 = m. Let z(a) = a**3 + 3*a**2 - 5*a + 2. What is z(k)?
6
Let w = 14 - 18. Let u(p) = -p**2 - 6*p - 5. Let r be u(w). Let o(c) = c**3 - c**2 - 3*c + 4. Determine o(r).
13
Suppose 5*r - 7 - 3 = 0. Suppose r*b + 0*b + 10 = 0. Let z(o) = 27*o - 55*o + 27*o - 11. Determine z(b).
-6
Suppose 3*n = -0 + 12. Suppose 2*y - 3*r = 7*y + 16, 5*r = -n*y - 5. Let g(m) = m**3 + 6*m**2 + 5*m + 4. Give g(y).
4
Let q(t) = -t**3 - 1 - 4*t - 3 - 5*t**2 + 6. Let g be 4*(-2 + 1/1). Give q(g).
2
Let m(i) = -4*i + 3 + 4*i**3 - 4*i**3 - i**3 + 4*i**2. What is m(3)?
0
Let q(r) = 67*r - 68*r - 1 + 0*r**3 + 4*r**2 + r**3. Determine q(-2).
9
Let u = -17 - -22. Let v(g) = 3*g - 3*g + 2 + 0 - u*g. Calculate v(2).
-8
Let y(m) be the third derivative of -m**6/120 - m**5/60 + m**4/24 + 5*m**3/6 + m**2. Suppose -n = -4*n. What is y(n)?
5
Let p = -10 - -16. Suppose -t + p = -2*t. Let u(l) be the first derivative of -l**4/4 - 7*l**3/3 - 3*l**2 - 9*l + 1. What is u(t)?
-9
Suppose s - 4*s = -6. Suppose 2 = -s*q - 4. Let y(r) = -r**3 - 2*r**2 + 3*r + 1. Give y(q).
1
Let t(j) = -j**3 + 7*j**2 - 2*j + 10. Let r be t(7). Let b(v) = v**3 + 4*v**2 - 2*v - 2. Give b(r).
6
Let z(t) = -5*t + 1. Let a(m) = -m - 1. Let h(k) = -3*a(k) + z(k). Calculate h(-7).
18
Let x(i) be the third derivative of i**5/60 + i**4/8 + 19*i**2. Determine x(-3).
0
Let u(m) be the first derivative of m**2/2 + m + 4. What is u(3)?
4
Let k(y) = -20*y + 2. Let z(f) = -7*f + 1. Let q(j) = 3*k(j) - 8*z(j). Give q(-2).
6
Let t(g) be the first derivative of -5*g**2/2 + 12. Calculate t(3).
-15
Let d = -9 - -13. Suppose -d*t - t = -k - 28, -5*t = -5*k - 40. Let r(p) = -t*p + 7*p - 1 + 9*p + 0. Calculate r(1).
10
Let d(p) = p**3 + 6*p**2 + 3*p - 6. Let h be d(-5). Suppose 0 = -2*c, -5*n + 5 = h*c - 15. Let r(g) = -g + 5. Give r(n).
1
Suppose -5*s = -13 - 12. Let u(t) be the third derivative of 0*t + 0 + 5/24*t**4 - 2*t**2 + 1/2*t**3 + 1/30*t**s. Give u(-3).
6
Let k(p) = -3*p**2 + 10*p + 2*p**2 - 50 + 38. Calculate k(9).
-3
Let a(n) be the second derivative of -n**5/20 + n**4/2 - n**3/6 + 5*n**2/2 - 6*n. Give a(6).
-1
Let p(a) = a**3 - 4*a**2 - 3*a + 1. Suppose 10 + 2 = 3*t. Give p(t).
-11
Let k(m) be the third derivative of -m**6/360 + 7*m**5/120 - m**4/8 - 4*m**2. Let x(u) be the second derivative of k(u). Determine x(5).
-3
Let k(s) = -5*s**3 - s. Suppose -5*a = -0*c + 3*c + 8, -2*a = -2*c + 16. Suppose c*f - 2 = 2*f. Let t(p) = 2*p**2 - 2*p + 1. Let o be t(f). Calculate k(o).
-6
Let t(b) = -b**2 + 9*b + 13. Let z be t(10). Suppose -2*s = z*c - 2, s - c + 3 = -1. Let i(v) = 3*v + v - 2*v + v. Calculate i(s).
-6
Suppose 5*b - 9 = -5*d + 6, 5 = -3*d + 4*b. Let v(r) = -5*r**3 + r - 1. Give v(d).
-5
Let u be (-2)/(-8) - 13/4. Let l be (6/2)/(u/(-12)). Suppose -l = 9*z - 5*z. Let y(s) = s**2 + 3*s. Give y(z).
0
Let v be (-16)/(-48)*(-2 - 1)*1. Let c(g) = 0*g**2 + 1 + 5*g**2 + g**2. Determine c(v).
7
Let x(s) be the third derivative of -s**5/60 + s**4/24 + 5*s**3/6 - 24*s**2. Give x(4).
-7
Let c(p) = -2*p - 2*p + 0 + p**2 + 1. Let b(v) = 4*v + 4. Let z be b(-3). Let s = z - -13. What is c(s)?
6
Let y be (-14)/7*(-10)/(-4). Let k(g) be the second derivative of -2*g - 3*g**2 - 5/6*g**3 - 1/12*g**4 + 0. Calculate k(y).
-6
Let b(z) be the third derivative of -z**4/24 - 2*z**3 - 43*z**2. Suppose h = 6*h - 10. Suppose 0 = -y + h - 8. What is b(y)?
-6
Let q(c) = 3*c. Suppose -2*s + 4*p + 48 = 0, s + 0*p = p + 20. Suppose z + 3*z - l = -s, -2*z + 5*l = 8. Give q(z).
-12
Let g(t) = -4 - 4*t**2 + t + 327*t**3 + 0*t**2 - 326*t**3. Give g(3).
-10
Let b(m) = -m**2 - 7*m - 7. Let h be b(-6). Let l(o) = o**3 + o**2 - 1. Let v(d) = -4*d**3 - 10*d**2 - 6*d + 4. Let a(g) = h*v(g) - 3*l(g). Determine a(-6).
-1
Let m be 0 - -2 - 0/(-4). Suppose -5*t - 2 = -4*j, 5*j + 0*t = -m*t - 14. Let w be 1/((-3)/(-24)) + j. Let r(c) = -c**2 + 5*c + 6. Determine r(w).
0
Let l(k) = -6*k**2 - 2*k + 1. Suppose 0*o + 12 = 4*o. Suppose 1 = o*v - 2. Give l(v).
-7
Let p(z) = -z**3 + 8*z**2 - 5*z - 2. Let h(u) = -4*u - 1. Let f be h(-2). What is p(f)?
12
Let z(t) = t - 5. Let q(s) = -8*s + 10. Let p(d) = d. Let u(k) = -6*p(k) - q(k). Suppose o + 4*b = -0*o + 19, -5 = -2*o + 3*b. Let w be u(o). Determine z(w).
-1
Let j(b) = -2*b**2 - 6*b - 1. Let y = 12 + -17. Give j(y).
-21
Suppose -16*f - 35 = -21*f. Let c(p) = -p + 7. Determine c(f).
0
Let p(x) = -x + 2. Let m(i) = 2*i - 7. Let d be m(5). Suppose 11 = 5*b + 5*w - 54, -d*w = -b + 9. Suppose 4*t = t - b. Give p(t).
6
Let o(c) = c**3 + 7*c**2 - 8*c + 1. Suppose 10*w = 4*w - 48. Give o(w).
1
Let p(d) = -6 - d**2 - d**3 + 6 + 0*d**3. Calculate p(2).
-12
Suppose -2*u + 0*u + 2 = 0. Let z(w) = -u - w + 2 - 2 - 1. Let r(g) = g + 2. Let m(l) = -3*r(l) - 2*z(l). Give m(3).
-5
Let u(g) be the first derivative of g**4/4 - 4*g**3/3 + 2*g**2 + g - 10. Calculate u(3).
4
Let r(z) = z**2 - 9*z + 10. Let v be (-6 + 132/15)/((-2)/(-5)). Calculate r(v).
-4
Let u(p) = p**3 + 5*p**2 + 5*p + 6. Let a be -1 + -2*(-12)/(-8). Determine u(a).
2
Let k(f) = 2 + 6*f + 8*f - 4*f - f**2 - 5*f. Determine k(4).
6
Let m(c) = -1. Let o(h) = 2*h - h**2 + 1 - h - 2. Let u(i) = 2*m(i) - o(i). What is u(-2)?
5
Let i(z) = 2 - 2*z**2 + 3*z**2 - 2*z + 3 + 8*z. What is i(-4)?
-3
Let x(d) = 4*d**2 + d + 3. Let q(u) = -5*u**2 - u - 4. Let b(v) = -3*q(v) - 4*x(v). Suppose 2*z = -3*c - z + 3, z = c + 1. Calculate b(c).
0
Suppose 2*u - w - 2 = 3, 4*w + 2 = -u. Let o(r) = r. Let d(l) = -2*l. Let x(p) = d(p) + 3*o(p). Calculate x(u).
2
Suppose 4*g + 2*p = 14, 2*g + 4*p = -g + 18. Let m(v) = 2*v - 3*v + 0 + g. What is m(5)?
-3
Suppose 0*k = -3*k - 5*p + 31, 5*p = 5*k + 15. Let t(s) = 16*s**k + s**3 - 8*s**2 - 6*s**2 - 2*s + 1. Give t(1).
2
Let f be (-2)/(-8) + 3/(-12). Let t(b) be the first derivative of -b**4/4 - b**3/3 - 7*b - 32. Determine t(f).
-7
Let u(l) = -2*l. Let y be u(2). Let o = -1 + y. Let j(m) = -m**3 - 4*m**2 + 6*m + 1. Give j(o).
-4
Let i(q) = -q**3 + 2 - 62*q + 61*q + 5. Calculate i(0).
7
Let x(b) = b**3 - 4*b**2 - 6*b + 1. Let o(f) = -4*f**3 + 12*f**2 + 19*f - 3. Let y(w) = 2*o(w) + 7*x(w). Give y(-4).
17
Let n(i) be the third derivative of 0 + 1/4*i**4 - 11*i**2 + 0*i - 1/60*i**5 - 5/6*i**3. Let p = -6 - -12. Calculate n(p).
-5
Let n(i) = -i**3 + 2*i**2 + 5*i - 3. Let w be 3 - (-5 - (-4)/1). What is n(w)?
-15
Let f be (-28)/(4 + -5 + -1). Let n = f - 17. Let v(s) = -s**3 - s**2 + 3*s - 2. Give v(n).
7
Suppose 2*r = -3*j - 13, j - 31 = 6*j + r. Let u(b) = -6 + 11*b**2 - 10*b**2 + 7*b + 5. Determine u(j).
-1
Let i = -1 + 1. Let c(u) = -2 + 2*u - 4*u**3 - u 